{"id":4247,"date":"2018-03-02T19:42:14","date_gmt":"2018-03-02T18:42:14","guid":{"rendered":"https:\/\/boersen.club\/kbv\/?page_id=4247"},"modified":"2021-05-09T11:08:53","modified_gmt":"2021-05-09T10:08:53","slug":"hochschulgruppe","status":"publish","type":"page","link":"https:\/\/boersen.club\/kbv-original\/hochschulgruppe\/","title":{"rendered":"Hochschulgruppe"},"content":{"rendered":"<div id='layer_slider_1'  class='avia-layerslider main_color avia-shadow  avia-builder-el-0  el_before_av_one_full  avia-builder-el-first  container_wrap sidebar_right'  style='height: 301px; max-width: 1500px; margin: 0 auto;'  ><\/div><div id='after_layer_slider_1'  class='main_color av_default_container_wrap container_wrap sidebar_right'  ><div class='container av-section-cont-open' ><div class='template-page content  av-content-small alpha units'><div class='post-entry post-entry-type-page post-entry-4247'><div class='entry-content-wrapper clearfix'>\n\n<style type=\"text\/css\" data-created_by=\"avia_inline_auto\" id=\"style-css-av-71nluf-d78bd442d5170b21f5679804dd042c94\">\n.flex_column.av-71nluf-d78bd442d5170b21f5679804dd042c94{\nborder-radius:0px 0px 0px 0px;\npadding:0px 0px 0px 0px;\n}\n<\/style>\n<div  class='flex_column av-71nluf-d78bd442d5170b21f5679804dd042c94 av_one_full  avia-builder-el-1  el_after_av_layerslider  el_before_av_one_full  avia-builder-el-first  first flex_column_div av-zero-column-padding  '     ><p>\n<style type=\"text\/css\" data-created_by=\"avia_inline_auto\" id=\"style-css-av-39mwzb-738ef8dd5550daa6a331174f17af05fa\">\n#top .av-special-heading.av-39mwzb-738ef8dd5550daa6a331174f17af05fa{\npadding-bottom:10px;\n}\nbody .av-special-heading.av-39mwzb-738ef8dd5550daa6a331174f17af05fa .av-special-heading-tag .heading-char{\nfont-size:25px;\n}\n.av-special-heading.av-39mwzb-738ef8dd5550daa6a331174f17af05fa .av-subheading{\nfont-size:15px;\n}\n<\/style>\n<div  class='av-special-heading av-39mwzb-738ef8dd5550daa6a331174f17af05fa av-special-heading-h3  avia-builder-el-2  el_before_av_textblock  avia-builder-el-first '><h3 class='av-special-heading-tag '  itemprop=\"headline\"  >Hochschulgruppe<\/h3><div class=\"special-heading-border\"><div class=\"special-heading-inner-border\"><\/div><\/div><\/div><br \/>\n<section  class='av_textblock_section av-3vct4n-57919a12462aba6ab836223a885a7534 '   itemscope=\"itemscope\" itemtype=\"https:\/\/schema.org\/CreativeWork\" ><div class='avia_textblock'  itemprop=\"text\" ><h3><span style=\"color: #000000; font-size: 12pt;\">In der KBV Hochschulgruppe (HSG) treffen sich Studierende, mit besonderem Interesse f\u00fcr die Finanzwelt.<\/span><\/h3>\n<ul>\n<li>Bei Interesse und f\u00fcr die Veranstaltungshinweise der KBV HSG:\u00a0<a href=\"https:\/\/de-de.facebook.com\/KBV.eV\" target=\"_blank\" rel=\"noopener\">Facebook-Seite der Hochschulgruppe K\u00f6lner B\u00f6rsenverein e.V. (KBV)<\/a><\/li>\n<li>Treffen der Investmentgruppe: Treffen finden flexibel nach Absprache statt. Wenn Du auch an unseren Treffen teilnehmen m\u00f6chtest, melde Dich bitte unter\u00a0<a href=\"mailto:hsg@kbv.org\">hsg@kbv.org<\/a> mit dem Stichwort \u201eInvestmentgruppe\u201c.<\/li>\n<li>Veranstaltungsort: Geb\u00e4ude 110 (WiSo-Modulbau), Universit\u00e4tsstra\u00dfe 24, 50931 K\u00f6ln. Achtung: Es finden keine Treffen an Feiertagen und in der vorlesungsfreien Zeit statt.<\/li>\n<li>Bei weiteren Fragen aller Art:\u00a0<a href=\"mailto:hsg@kbv.org\">hsg@kbv.org<\/a><\/li>\n<\/ul>\n<ul>\n<li>Downloads (PDF):\u00a0<a href=\"https:\/\/kbv.org\/wp-content\/uploads\/sites\/5\/2018\/11\/BSF-2018.pdf\" target=\"_blank\" rel=\"noopener\">Flyer B\u00f6rsenf\u00fchrerschein I<\/a>, <a href=\"https:\/\/kbv.org\/wp-content\/uploads\/sites\/5\/2018\/11\/Medienboard-BSF-BLUE-2018.pdf\" target=\"_blank\" rel=\"noopener\">Flyer B\u00f6rsenf\u00fchrerschein II<\/a><\/li>\n<\/ul>\n<p><span style=\"color: #0000ff;\"><strong>Eine Mitgliedschaft im KBV bringt f\u00fcr b\u00f6rseninteressierte Studenten\/innen viele Vorteile mit sich:<\/strong><\/span><\/p>\n<ul>\n<li>Organisation und aktive Mitarbeit in b\u00f6rsennahen Events<\/li>\n<li>Unternehmenspr\u00e4sentationen<\/li>\n<li>Austausch mit anderen b\u00f6rseninteressierten Mitgliedern<\/li>\n<li>Teilnahme an den Veranstaltungen des KBV und der Hochschulgruppe<\/li>\n<li>Bezug der Wochenzeitung \u20acuro am Sonntag sowie des Magazins \u20acuro u.v.m.<\/li>\n<li>Nutzung der KBV-Bibliothek mit Fachb\u00fcchern zu Aktien &amp; B\u00f6rse<\/li>\n<li>Vermittlung von Praktika bzw. Kontakte in die Finanzbranche<\/li>\n<li>Aktive Mitarbeit in B\u00f6rsen-Workshops, bei Seminaren oder in der Vereinsorganisation<\/li>\n<\/ul>\n<\/div><\/section><\/p><\/div>\n\n<style type=\"text\/css\" data-created_by=\"avia_inline_auto\" id=\"style-css-av-av_one_full-068220c8262444be99a83ad265bdcedb\">\n.flex_column.av-av_one_full-068220c8262444be99a83ad265bdcedb{\nborder-radius:0px 0px 0px 0px;\npadding:0px 0px 0px 0px;\n}\n<\/style>\n<div  class='flex_column av-av_one_full-068220c8262444be99a83ad265bdcedb av_one_full  avia-builder-el-4  el_after_av_one_full  el_before_av_one_third  first flex_column_div av-zero-column-padding  column-top-margin'     ><section  class='av_textblock_section av-av_textblock-23482006190359359522c957f3a311aa '   itemscope=\"itemscope\" itemtype=\"https:\/\/schema.org\/CreativeWork\" ><div class='avia_textblock'  itemprop=\"text\" ><h3><span style=\"color: #000000; font-size: 12pt;\">Hier anmelden f\u00fcr den Newsletter f\u00fcr studentische Mitglieder\u00a0<\/span><\/h3>\n<div class=\"frm_forms  with_frm_style frm_style_formidable-style\" id=\"frm_form_24_container\" ><form enctype=\"multipart\/form-data\" method=\"post\" class=\"frm-show-form  frm_js_validate  frm_pro_form \" id=\"form_kbv-hsg-newsletter-signup\" ><div class=\"frm_form_fields \"><fieldset><legend class=\"frm_screen_reader\">KBV HSG Newsletter Signup f\u00fcr studentische Mitglieder<\/legend><div class=\"frm_fields_container\"><input type=\"hidden\" name=\"frm_action\" value=\"create\" \/><input type=\"hidden\" name=\"form_id\" value=\"24\" \/><input type=\"hidden\" name=\"frm_hide_fields_24\" id=\"frm_hide_fields_24\" value=\"\" \/><input type=\"hidden\" name=\"form_key\" value=\"kbv-hsg-newsletter-signup\" \/><input type=\"hidden\" name=\"item_meta[0]\" value=\"\" \/><input type=\"hidden\" id=\"frm_submit_entry_24\" name=\"frm_submit_entry_24\" value=\"688efdb1fb\" \/><input type=\"hidden\" name=\"_wp_http_referer\" value=\"\/kbv-original\/wp-json\/wp\/v2\/pages\/4247\" \/><input type=\"hidden\" name=\"item_meta[139]\" id=\"field_7awuh\" value=\"\" data-frmval=\"\"\/><input  type=\"hidden\" name=\"item_meta[141]\" id=\"field_pfgri\" value=\"\" \/><div id=\"frm_field_136_container\" class=\"frm_form_field form-field  frm_required_field frm_top_container frm_half\"><label for=\"field_ndrdc\" id=\"field_ndrdc_label\" class=\"frm_primary_label\">Vorname<span class=\"frm_required\"><\/span><\/label><input  type=\"text\" id=\"field_ndrdc\" name=\"item_meta[136]\" value=\"\"  data-reqmsg=\"Vorname cannot be blank.\" aria-required=\"true\" data-invmsg=\"Text is invalid\" aria-invalid=\"false\"   \/><\/div><div id=\"frm_field_137_container\" class=\"frm_form_field form-field  frm_required_field frm_hidden_container frm_half\"><label for=\"field_9itjc\" id=\"field_9itjc_label\" class=\"frm_primary_label\">Nachname<span class=\"frm_required\"><\/span><\/label><input  type=\"text\" id=\"field_9itjc\" name=\"item_meta[137]\" value=\"\"  data-reqmsg=\"Nachname cannot be blank.\" aria-required=\"true\" data-invmsg=\"Text is invalid\" aria-invalid=\"false\"   \/><\/div><div id=\"frm_field_138_container\" class=\"frm_form_field form-field  frm_required_field frm_top_container\"><label for=\"field_701dk\" id=\"field_701dk_label\" class=\"frm_primary_label\">Email<span class=\"frm_required\"><\/span><\/label><input type=\"email\" id=\"field_701dk\" name=\"item_meta[138]\" value=\"\"  data-reqmsg=\"Email cannot be blank.\" aria-required=\"true\" data-invmsg=\"Email ist ung\u00fcltig.\" aria-invalid=\"false\"  \/><\/div><div id=\"frm_field_140_container\" class=\"frm_form_field form-field  frm_required_field frm_top_container\"><label for=\"field_xgclx\" id=\"field_xgclx_label\" class=\"frm_primary_label\">Ich akzeptiere die Datenschutzbestimmungen.<span class=\"frm_required\">*<\/span><\/label><div ><label class=\"frm_switch_block\"><input type=\"checkbox\" name=\"item_meta[140][]\" id=\"field_xgclx\" value=\"Ja\" data-reqmsg=\"Bitte akzeptieren.\" aria-required=\"true\" data-invmsg=\"Ich akzeptiere die Datenschutzbestimmungen. ist ung\u00fcltig\" aria-invalid=\"false\"  \/><span class=\"frm_switch\" tabindex=\"0\" role=\"switch\" aria-labelledby=\"field_xgclx_label\" aria-checked=\"false\"><span class=\"frm_slider\"><\/span><\/span><\/label><\/div><\/div><input type=\"hidden\" name=\"item_key\" value=\"\" \/><div id=\"frm_field_142_container\"><label for=\"field_zrotz\" >If you are human, leave this field blank.<\/label><input  id=\"field_zrotz\" type=\"text\" class=\"frm_form_field form-field frm_verify\" name=\"item_meta[142]\" value=\"\"  \/><\/div><input name=\"frm_state\" type=\"hidden\" value=\"lnfOvfNDIGiTrzHGQkwjFYRri2Y+S0CGJQPIu3glVxAy9Cz5g0qlOlSmfGf0g7sP\" \/><div class=\"frm_submit\"><button class=\"frm_button_submit frm_final_submit\" type=\"submit\"   formnovalidate=\"formnovalidate\">anmelden<\/button><\/div><\/div><\/fieldset><\/div><\/form><\/div>\n<\/div><\/section><br \/>\n\n<style type=\"text\/css\" data-created_by=\"avia_inline_auto\" id=\"style-css-av-av_hr-646ea9e7c0bf73b4ddea7c743668f384\">\n#top .hr.hr-invisible.av-av_hr-646ea9e7c0bf73b4ddea7c743668f384{\nheight:100px;\n}\n<\/style>\n<div  class='hr av-av_hr-646ea9e7c0bf73b4ddea7c743668f384 hr-invisible  avia-builder-el-6  el_after_av_textblock  avia-builder-el-last '><span class='hr-inner '><span class=\"hr-inner-style\"><\/span><\/span><\/div><\/p><\/div>\n\n<style type=\"text\/css\" data-created_by=\"avia_inline_auto\" id=\"style-css-av-71nluf-d78bd442d5170b21f5679804dd042c94\">\n.flex_column.av-71nluf-d78bd442d5170b21f5679804dd042c94{\nborder-radius:0px 0px 0px 0px;\npadding:0px 0px 0px 0px;\n}\n<\/style>\n<div  class='flex_column av-71nluf-d78bd442d5170b21f5679804dd042c94 av_one_third  avia-builder-el-7  el_after_av_one_full  el_before_av_one_third  first flex_column_div av-zero-column-padding  column-top-margin'     ><p><div  class='avia-button-wrap av-js1qlgxh-6fc5c05a73980251f4bf65a52a8f3062-wrap avia-button-left  avia-builder-el-8  el_before_av_hr  avia-builder-el-first '><a href='https:\/\/boersen.club\/kbv-original\/boersenfuehrerschein-in-koeln\/'  class='avia-button av-js1qlgxh-6fc5c05a73980251f4bf65a52a8f3062 av-link-btn avia-icon_select-no avia-size-small avia-position-left avia-color-theme-color'   aria-label=\"Hier klicken f\u00fcr Infos zum B\u00f6rsenf\u00fchrerschein\"><span class='avia_iconbox_title' >Hier klicken f\u00fcr Infos zum B\u00f6rsenf\u00fchrerschein<\/span><\/a><\/div><br \/>\n\n<style type=\"text\/css\" data-created_by=\"avia_inline_auto\" id=\"style-css-av-20draf-ba639881ea3557af10f1a1428575f1c1\">\n#top .hr.hr-invisible.av-20draf-ba639881ea3557af10f1a1428575f1c1{\nheight:100px;\n}\n<\/style>\n<div  class='hr av-20draf-ba639881ea3557af10f1a1428575f1c1 hr-invisible  avia-builder-el-9  el_after_av_button  avia-builder-el-last '><span class='hr-inner '><span class=\"hr-inner-style\"><\/span><\/span><\/div><\/p><\/div>\n\n<style type=\"text\/css\" data-created_by=\"avia_inline_auto\" id=\"style-css-av-71nluf-bb34989e955a5fde4a6c70d31ef6a127\">\n.flex_column.av-71nluf-bb34989e955a5fde4a6c70d31ef6a127{\nborder-radius:0px 0px 0px 0px;\npadding:0px 0px 0px 0px;\n}\n<\/style>\n<div  class='flex_column av-71nluf-bb34989e955a5fde4a6c70d31ef6a127 av_one_third  avia-builder-el-10  el_after_av_one_third  el_before_av_one_third  flex_column_div av-zero-column-padding  column-top-margin'     ><\/div>\n\n<style type=\"text\/css\" data-created_by=\"avia_inline_auto\" id=\"style-css-av-71nluf-bb34989e955a5fde4a6c70d31ef6a127\">\n.flex_column.av-71nluf-bb34989e955a5fde4a6c70d31ef6a127{\nborder-radius:0px 0px 0px 0px;\npadding:0px 0px 0px 0px;\n}\n<\/style>\n<div  class='flex_column av-71nluf-bb34989e955a5fde4a6c70d31ef6a127 av_one_third  avia-builder-el-11  el_after_av_one_third  el_before_av_one_full  flex_column_div av-zero-column-padding  column-top-margin'     ><\/div>\n\n<style type=\"text\/css\" data-created_by=\"avia_inline_auto\" id=\"style-css-av-71nluf-d78bd442d5170b21f5679804dd042c94\">\n.flex_column.av-71nluf-d78bd442d5170b21f5679804dd042c94{\nborder-radius:0px 0px 0px 0px;\npadding:0px 0px 0px 0px;\n}\n<\/style>\n<div  class='flex_column av-71nluf-d78bd442d5170b21f5679804dd042c94 av_one_full  avia-builder-el-12  el_after_av_one_third  avia-builder-el-last  first flex_column_div av-zero-column-padding  column-top-margin'     ><section  class='av_textblock_section av-3vct4n-57919a12462aba6ab836223a885a7534 '   itemscope=\"itemscope\" itemtype=\"https:\/\/schema.org\/CreativeWork\" ><div class='avia_textblock'  itemprop=\"text\" ><h3><span style=\"color: #000000; font-size: 12pt;\">Der Vorstand der HSG<\/span><\/h3>\n<\/div><\/section><br \/>\n\n<style type=\"text\/css\" data-created_by=\"avia_inline_auto\" id=\"style-css-av-koh0kajr-ed73e547d323eb4044b221d19fea192e\">\n.avia-image-container.av-koh0kajr-ed73e547d323eb4044b221d19fea192e img.avia_image{\nbox-shadow:none;\n}\n.avia-image-container.av-koh0kajr-ed73e547d323eb4044b221d19fea192e .av-image-caption-overlay-center{\ncolor:#ffffff;\n}\n<\/style>\n<div  class='avia-image-container av-koh0kajr-ed73e547d323eb4044b221d19fea192e av-styling- avia-align-center  avia-builder-el-14  el_after_av_textblock  el_before_av_hr '   itemprop=\"image\" itemscope=\"itemscope\" itemtype=\"https:\/\/schema.org\/ImageObject\" ><div class=\"avia-image-container-inner\"><div class=\"avia-image-overlay-wrap\"><img decoding=\"async\" fetchpriority=\"high\" class='wp-image-5124 avia-img-lazy-loading-not-5124 avia_image ' src=\"https:\/\/boersen.club\/kbv-original\/wp-content\/uploads\/sites\/5\/2021\/05\/vorstand-HSG.jpg\" alt='' title=''  height=\"184\" width=\"653\"  itemprop=\"thumbnailUrl\" srcset=\"https:\/\/boersen.club\/kbv-original\/wp-content\/uploads\/sites\/5\/2021\/05\/vorstand-HSG.jpg 653w, https:\/\/boersen.club\/kbv-original\/wp-content\/uploads\/sites\/5\/2021\/05\/vorstand-HSG-300x85.jpg 300w\" sizes=\"(max-width: 653px) 100vw, 653px\" \/><\/div><\/div><\/div><br \/>\n\n<style type=\"text\/css\" data-created_by=\"avia_inline_auto\" id=\"style-css-av-20draf-ba639881ea3557af10f1a1428575f1c1\">\n#top .hr.hr-invisible.av-20draf-ba639881ea3557af10f1a1428575f1c1{\nheight:100px;\n}\n<\/style>\n<div  class='hr av-20draf-ba639881ea3557af10f1a1428575f1c1 hr-invisible  avia-builder-el-15  el_after_av_image  avia-builder-el-last '><span class='hr-inner '><span class=\"hr-inner-style\"><\/span><\/span><\/div><\/p><\/div>\n","protected":false},"excerpt":{"rendered":"","protected":false},"author":5,"featured_media":0,"parent":0,"menu_order":20,"comment_status":"closed","ping_status":"closed","template":"","meta":{"_mo_disable_npp":"","footnotes":""},"class_list":["post-4247","page","type-page","status-publish","hentry"],"yoast_head":"<!-- This site is optimized with the Yoast SEO plugin v27.1.1 - https:\/\/yoast.com\/product\/yoast-seo-wordpress\/ -->\n<title>Hochschulgruppe - KBV.org - Original<\/title>\n<meta name=\"robots\" content=\"index, follow, max-snippet:-1, max-image-preview:large, max-video-preview:-1\" \/>\n<link rel=\"canonical\" href=\"https:\/\/boersen.club\/kbv-original\/hochschulgruppe\/\" \/>\n<meta property=\"og:locale\" content=\"de_DE\" \/>\n<meta property=\"og:type\" content=\"article\" \/>\n<meta property=\"og:title\" content=\"Hochschulgruppe - KBV.org - Original\" \/>\n<meta property=\"og:url\" content=\"https:\/\/boersen.club\/kbv-original\/hochschulgruppe\/\" \/>\n<meta property=\"og:site_name\" content=\"KBV.org - Original\" \/>\n<meta property=\"article:modified_time\" content=\"2021-05-09T10:08:53+00:00\" \/>\n<meta name=\"twitter:card\" content=\"summary_large_image\" \/>\n<meta name=\"twitter:label1\" content=\"Gesch\u00e4tzte Lesezeit\" \/>\n\t<meta name=\"twitter:data1\" content=\"5 Minuten\" \/>\n<script type=\"application\/ld+json\" class=\"yoast-schema-graph\">{\"@context\":\"https:\/\/schema.org\",\"@graph\":[{\"@type\":\"WebPage\",\"@id\":\"https:\/\/boersen.club\/kbv-original\/hochschulgruppe\/\",\"url\":\"https:\/\/boersen.club\/kbv-original\/hochschulgruppe\/\",\"name\":\"Hochschulgruppe - KBV.org - Original\",\"isPartOf\":{\"@id\":\"https:\/\/boersen.club\/kbv-original\/#website\"},\"datePublished\":\"2018-03-02T18:42:14+00:00\",\"dateModified\":\"2021-05-09T10:08:53+00:00\",\"breadcrumb\":{\"@id\":\"https:\/\/boersen.club\/kbv-original\/hochschulgruppe\/#breadcrumb\"},\"inLanguage\":\"de-DE\",\"potentialAction\":[{\"@type\":\"ReadAction\",\"target\":[\"https:\/\/boersen.club\/kbv-original\/hochschulgruppe\/\"]}]},{\"@type\":\"BreadcrumbList\",\"@id\":\"https:\/\/boersen.club\/kbv-original\/hochschulgruppe\/#breadcrumb\",\"itemListElement\":[{\"@type\":\"ListItem\",\"position\":1,\"name\":\"Home\",\"item\":\"https:\/\/boersen.club\/kbv-original\/\"},{\"@type\":\"ListItem\",\"position\":2,\"name\":\"Hochschulgruppe\"}]},{\"@type\":\"WebSite\",\"@id\":\"https:\/\/boersen.club\/kbv-original\/#website\",\"url\":\"https:\/\/boersen.club\/kbv-original\/\",\"name\":\"KBV.org - Original\",\"description\":\"K\u00f6lner B\u00f6rsenverein e.V.\",\"potentialAction\":[{\"@type\":\"SearchAction\",\"target\":{\"@type\":\"EntryPoint\",\"urlTemplate\":\"https:\/\/boersen.club\/kbv-original\/?s={search_term_string}\"},\"query-input\":{\"@type\":\"PropertyValueSpecification\",\"valueRequired\":true,\"valueName\":\"search_term_string\"}}],\"inLanguage\":\"de-DE\"}]}<\/script>\n<!-- \/ Yoast SEO plugin. -->","yoast_head_json":{"title":"Hochschulgruppe - KBV.org - Original","robots":{"index":"index","follow":"follow","max-snippet":"max-snippet:-1","max-image-preview":"max-image-preview:large","max-video-preview":"max-video-preview:-1"},"canonical":"https:\/\/boersen.club\/kbv-original\/hochschulgruppe\/","og_locale":"de_DE","og_type":"article","og_title":"Hochschulgruppe - KBV.org - Original","og_url":"https:\/\/boersen.club\/kbv-original\/hochschulgruppe\/","og_site_name":"KBV.org - Original","article_modified_time":"2021-05-09T10:08:53+00:00","twitter_card":"summary_large_image","twitter_misc":{"Gesch\u00e4tzte Lesezeit":"5 Minuten"},"schema":{"@context":"https:\/\/schema.org","@graph":[{"@type":"WebPage","@id":"https:\/\/boersen.club\/kbv-original\/hochschulgruppe\/","url":"https:\/\/boersen.club\/kbv-original\/hochschulgruppe\/","name":"Hochschulgruppe - KBV.org - Original","isPartOf":{"@id":"https:\/\/boersen.club\/kbv-original\/#website"},"datePublished":"2018-03-02T18:42:14+00:00","dateModified":"2021-05-09T10:08:53+00:00","breadcrumb":{"@id":"https:\/\/boersen.club\/kbv-original\/hochschulgruppe\/#breadcrumb"},"inLanguage":"de-DE","potentialAction":[{"@type":"ReadAction","target":["https:\/\/boersen.club\/kbv-original\/hochschulgruppe\/"]}]},{"@type":"BreadcrumbList","@id":"https:\/\/boersen.club\/kbv-original\/hochschulgruppe\/#breadcrumb","itemListElement":[{"@type":"ListItem","position":1,"name":"Home","item":"https:\/\/boersen.club\/kbv-original\/"},{"@type":"ListItem","position":2,"name":"Hochschulgruppe"}]},{"@type":"WebSite","@id":"https:\/\/boersen.club\/kbv-original\/#website","url":"https:\/\/boersen.club\/kbv-original\/","name":"KBV.org - Original","description":"K\u00f6lner B\u00f6rsenverein e.V.","potentialAction":[{"@type":"SearchAction","target":{"@type":"EntryPoint","urlTemplate":"https:\/\/boersen.club\/kbv-original\/?s={search_term_string}"},"query-input":{"@type":"PropertyValueSpecification","valueRequired":true,"valueName":"search_term_string"}}],"inLanguage":"de-DE"}]}},"_links":{"self":[{"href":"https:\/\/boersen.club\/kbv-original\/wp-json\/wp\/v2\/pages\/4247","targetHints":{"allow":["GET"]}}],"collection":[{"href":"https:\/\/boersen.club\/kbv-original\/wp-json\/wp\/v2\/pages"}],"about":[{"href":"https:\/\/boersen.club\/kbv-original\/wp-json\/wp\/v2\/types\/page"}],"author":[{"embeddable":true,"href":"https:\/\/boersen.club\/kbv-original\/wp-json\/wp\/v2\/users\/5"}],"replies":[{"embeddable":true,"href":"https:\/\/boersen.club\/kbv-original\/wp-json\/wp\/v2\/comments?post=4247"}],"version-history":[{"count":29,"href":"https:\/\/boersen.club\/kbv-original\/wp-json\/wp\/v2\/pages\/4247\/revisions"}],"predecessor-version":[{"id":5123,"href":"https:\/\/boersen.club\/kbv-original\/wp-json\/wp\/v2\/pages\/4247\/revisions\/5123"}],"wp:attachment":[{"href":"https:\/\/boersen.club\/kbv-original\/wp-json\/wp\/v2\/media?parent=4247"}],"curies":[{"name":"wp","href":"https:\/\/api.w.org\/{rel}","templated":true}]}}